{"id":56,"date":"2019-02-19T10:40:18","date_gmt":"2019-02-19T09:40:18","guid":{"rendered":"http:\/\/www.sann.at\/brunnenviertel\/?page_id=56"},"modified":"2025-07-08T16:43:45","modified_gmt":"2025-07-08T14:43:45","slug":"ulrike-wieser-dasfoto","status":"publish","type":"page","link":"http:\/\/www.sann.at\/brunnenviertel\/unternehmer\/ulrike-wieser-dasfoto\/","title":{"rendered":"Ulrike Wieser &#8211; DasFoto"},"content":{"rendered":"<div class=\"wp-block-image\">\n<figure class=\"alignleft size-full is-resized\"><img loading=\"lazy\" decoding=\"async\" width=\"709\" height=\"1000\" src=\"https:\/\/www.sann.at\/brunnenviertel\/wp-content\/uploads\/2025\/04\/ulrikewieser_dasfoto_web-1.jpg\" alt=\"\" class=\"wp-image-1429\" style=\"width:355px;height:500px\" srcset=\"http:\/\/www.sann.at\/brunnenviertel\/wp-content\/uploads\/2025\/04\/ulrikewieser_dasfoto_web-1.jpg 709w, http:\/\/www.sann.at\/brunnenviertel\/wp-content\/uploads\/2025\/04\/ulrikewieser_dasfoto_web-1-213x300.jpg 213w\" sizes=\"auto, (max-width: 709px) 100vw, 709px\" \/><\/figure><\/div>\n\n\n<p>Ulrike Wiesers Begeisterung f\u00fcr Menschen findet Ausdruck in pers\u00f6nlichen Portraits, die das Unverwechselbare der Person&nbsp;finden und spielerisch einfangen. Zeigen wir gemeinsam in ausdruckstarken Portraitfotos, was Ihr Unternehmen ausmacht!<\/p>\n\n\n\n<p>Im privaten Bereich entstehen intime Erinnerungen, wie Babybauch-Fotos oder lebendige Familienportraits. F\u00fcr den beruflichen Kontext erarbeiten wir \u00fcberzeugende Bewerbungsfotos.<\/p>\n\n\n\n<p>Mir macht es Freude, die positive Energie, die ich beim Fotografieren von Menschen erhalte, in Bildern umzusetzen. Ich w\u00fcrde mich sehr freuen, auch Sie demn\u00e4chst portraitieren zu d\u00fcrfen!<\/p>\n\n\n\n<p><strong>\u00d6ffnungszeiten<\/strong><br>nach Vereinbarung<\/p>\n\n\n\n<p><strong>DAS FOTO &#8211; ULRIKE WIESER<br>Neulerchenfelder Str. 52\/R01 \u2022 1160 Wien<\/strong><\/p>\n\n\n\n<p><strong>Tel. +43 (0)650 494 81 43<br><a href=\"mailto:uwieser@dasfoto.info\">uwieser@dasfoto.info<\/a><br><a href=\"https:\/\/dasfoto.info\/\" target=\"_blank\" rel=\"noreferrer noopener\">www.ulrikewieser.at<\/a><\/strong><\/p>\n\n\n\n<p><\/p>\n","protected":false},"excerpt":{"rendered":"<p>Ulrike Wiesers Begeisterung f\u00fcr Menschen findet Ausdruck in pers\u00f6nlichen Portraits, die das Unverwechselbare der Person&nbsp;finden und spielerisch einfangen. Zeigen wir gemeinsam in ausdruckstarken Portraitfotos, was Ihr Unternehmen ausmacht! Im privaten Bereich entstehen intime Erinnerungen, wie Babybauch-Fotos oder lebendige Familienportraits. F\u00fcr den beruflichen Kontext erarbeiten wir \u00fcberzeugende Bewerbungsfotos. Mir macht es Freude, die positive Energie, die [&hellip;]<\/p>\n","protected":false},"author":3,"featured_media":0,"parent":1515,"menu_order":0,"comment_status":"closed","ping_status":"closed","template":"","meta":{"ocean_post_layout":"full-width","ocean_both_sidebars_style":"","ocean_both_sidebars_content_width":0,"ocean_both_sidebars_sidebars_width":0,"ocean_sidebar":"0","ocean_second_sidebar":"0","ocean_disable_margins":"enable","ocean_add_body_class":"","ocean_shortcode_before_top_bar":"","ocean_shortcode_after_top_bar":"","ocean_shortcode_before_header":"","ocean_shortcode_after_header":"","ocean_has_shortcode":"","ocean_shortcode_after_title":"","ocean_shortcode_before_footer_widgets":"","ocean_shortcode_after_footer_widgets":"","ocean_shortcode_before_footer_bottom":"","ocean_shortcode_after_footer_bottom":"","ocean_display_top_bar":"default","ocean_display_header":"default","ocean_header_style":"","ocean_center_header_left_menu":"0","ocean_custom_header_template":"0","ocean_custom_logo":0,"ocean_custom_retina_logo":0,"ocean_custom_logo_max_width":0,"ocean_custom_logo_tablet_max_width":0,"ocean_custom_logo_mobile_max_width":0,"ocean_custom_logo_max_height":0,"ocean_custom_logo_tablet_max_height":0,"ocean_custom_logo_mobile_max_height":0,"ocean_header_custom_menu":"0","ocean_menu_typo_font_family":"0","ocean_menu_typo_font_subset":"","ocean_menu_typo_font_size":0,"ocean_menu_typo_font_size_tablet":0,"ocean_menu_typo_font_size_mobile":0,"ocean_menu_typo_font_size_unit":"px","ocean_menu_typo_font_weight":"","ocean_menu_typo_font_weight_tablet":"","ocean_menu_typo_font_weight_mobile":"","ocean_menu_typo_transform":"","ocean_menu_typo_transform_tablet":"","ocean_menu_typo_transform_mobile":"","ocean_menu_typo_line_height":0,"ocean_menu_typo_line_height_tablet":0,"ocean_menu_typo_line_height_mobile":0,"ocean_menu_typo_line_height_unit":"","ocean_menu_typo_spacing":0,"ocean_menu_typo_spacing_tablet":0,"ocean_menu_typo_spacing_mobile":0,"ocean_menu_typo_spacing_unit":"","ocean_menu_link_color":"","ocean_menu_link_color_hover":"","ocean_menu_link_color_active":"","ocean_menu_link_background":"","ocean_menu_link_hover_background":"","ocean_menu_link_active_background":"","ocean_menu_social_links_bg":"","ocean_menu_social_hover_links_bg":"","ocean_menu_social_links_color":"","ocean_menu_social_hover_links_color":"","ocean_disable_title":"enable","ocean_disable_heading":"default","ocean_post_title":"","ocean_post_subheading":"Ausdrucksstarke Business-Portraits und  lebendige Familien-Fotos","ocean_post_title_style":"","ocean_post_title_background_color":"","ocean_post_title_background":0,"ocean_post_title_bg_image_position":"","ocean_post_title_bg_image_attachment":"","ocean_post_title_bg_image_repeat":"","ocean_post_title_bg_image_size":"","ocean_post_title_height":0,"ocean_post_title_bg_overlay":0.5,"ocean_post_title_bg_overlay_color":"","ocean_disable_breadcrumbs":"default","ocean_breadcrumbs_color":"","ocean_breadcrumbs_separator_color":"","ocean_breadcrumbs_links_color":"","ocean_breadcrumbs_links_hover_color":"","ocean_display_footer_widgets":"default","ocean_display_footer_bottom":"default","ocean_custom_footer_template":"0","footnotes":""},"class_list":["post-56","page","type-page","status-publish","hentry","entry"],"_links":{"self":[{"href":"http:\/\/www.sann.at\/brunnenviertel\/wp-json\/wp\/v2\/pages\/56","targetHints":{"allow":["GET"]}}],"collection":[{"href":"http:\/\/www.sann.at\/brunnenviertel\/wp-json\/wp\/v2\/pages"}],"about":[{"href":"http:\/\/www.sann.at\/brunnenviertel\/wp-json\/wp\/v2\/types\/page"}],"author":[{"embeddable":true,"href":"http:\/\/www.sann.at\/brunnenviertel\/wp-json\/wp\/v2\/users\/3"}],"replies":[{"embeddable":true,"href":"http:\/\/www.sann.at\/brunnenviertel\/wp-json\/wp\/v2\/comments?post=56"}],"version-history":[{"count":11,"href":"http:\/\/www.sann.at\/brunnenviertel\/wp-json\/wp\/v2\/pages\/56\/revisions"}],"predecessor-version":[{"id":1613,"href":"http:\/\/www.sann.at\/brunnenviertel\/wp-json\/wp\/v2\/pages\/56\/revisions\/1613"}],"up":[{"embeddable":true,"href":"http:\/\/www.sann.at\/brunnenviertel\/wp-json\/wp\/v2\/pages\/1515"}],"wp:attachment":[{"href":"http:\/\/www.sann.at\/brunnenviertel\/wp-json\/wp\/v2\/media?parent=56"}],"curies":[{"name":"wp","href":"https:\/\/api.w.org\/{rel}","templated":true}]}}