{"id":1583,"date":"2025-07-08T16:09:16","date_gmt":"2025-07-08T14:09:16","guid":{"rendered":"https:\/\/www.sann.at\/brunnenviertel\/?page_id=1583"},"modified":"2025-07-08T16:49:23","modified_gmt":"2025-07-08T14:49:23","slug":"stern-apotheke","status":"publish","type":"page","link":"http:\/\/www.sann.at\/brunnenviertel\/unternehmer\/stern-apotheke\/","title":{"rendered":"Stern-Apotheke"},"content":{"rendered":"\n<p>Fundiertes Fachwissen ist unabdingbare Voraus-setzung f\u00fcr die optimale Dienstleistungsqualit\u00e4t einer Apotheke. Dies versuchen wir mit einem<br>auf Ihren pers\u00f6nlichen Bedarf zugeschnittenen Beratungs- und Betreuungsservice umzusetzen. Herzlichkeit, Verbindlichkeit und Engagement bestimmen unsere t\u00e4gliche Arbeit. Wir verstehen uns als Dienstleister f\u00fcr Ihre Gesundheit.<\/p>\n\n\n\n<p>In unserem Online Shop k\u00f6nnen Sie zus\u00e4tzlich rezeptfreie Produkte preisg\u00fcnstig kaufen. Als neues Gesch\u00e4ftsfeld bieten wir auch Bio-, vegane und glutenfreie Produkte, basierend auf unserer fachlich fundierten Tradition, an.<\/p>\n\n\n\n<p><strong>\u00d6ffnungszeiten<\/strong><br>Mo-Fr 8.00 \u2013 19.00<br>Sa&nbsp;&nbsp; 8.00 \u2013 12.00<\/p>\n\n\n\n<p><strong>STERN-APOTHEKE<br>Ottakringer Stra\u00dfe 39 \u2022 1160 Wien<\/strong><\/p>\n\n\n\n<p><strong>Tel. +43 (0)720 88 31 75<br><a href=\"mailto:kundenservice@medistore.at\">kundenservice@medistore.at<\/a><br><a href=\"http:\/\/www.medistore.at\/\" target=\"_blank\" rel=\"noreferrer noopener\">www.medistore.at<\/a><\/strong><\/p>\n","protected":false},"excerpt":{"rendered":"<p>Fundiertes Fachwissen ist unabdingbare Voraus-setzung f\u00fcr die optimale Dienstleistungsqualit\u00e4t einer Apotheke. Dies versuchen wir mit einemauf Ihren pers\u00f6nlichen Bedarf zugeschnittenen Beratungs- und Betreuungsservice umzusetzen. Herzlichkeit, Verbindlichkeit und Engagement bestimmen unsere t\u00e4gliche Arbeit. Wir verstehen uns als Dienstleister f\u00fcr Ihre Gesundheit. In unserem Online Shop k\u00f6nnen Sie zus\u00e4tzlich rezeptfreie Produkte preisg\u00fcnstig kaufen. Als neues Gesch\u00e4ftsfeld bieten [&hellip;]<\/p>\n","protected":false},"author":6,"featured_media":0,"parent":1515,"menu_order":0,"comment_status":"closed","ping_status":"closed","template":"","meta":{"ocean_post_layout":"full-width","ocean_both_sidebars_style":"","ocean_both_sidebars_content_width":0,"ocean_both_sidebars_sidebars_width":0,"ocean_sidebar":"0","ocean_second_sidebar":"0","ocean_disable_margins":"enable","ocean_add_body_class":"","ocean_shortcode_before_top_bar":"","ocean_shortcode_after_top_bar":"","ocean_shortcode_before_header":"","ocean_shortcode_after_header":"","ocean_has_shortcode":"","ocean_shortcode_after_title":"","ocean_shortcode_before_footer_widgets":"","ocean_shortcode_after_footer_widgets":"","ocean_shortcode_before_footer_bottom":"","ocean_shortcode_after_footer_bottom":"","ocean_display_top_bar":"default","ocean_display_header":"default","ocean_header_style":"","ocean_center_header_left_menu":"0","ocean_custom_header_template":"0","ocean_custom_logo":0,"ocean_custom_retina_logo":0,"ocean_custom_logo_max_width":0,"ocean_custom_logo_tablet_max_width":0,"ocean_custom_logo_mobile_max_width":0,"ocean_custom_logo_max_height":0,"ocean_custom_logo_tablet_max_height":0,"ocean_custom_logo_mobile_max_height":0,"ocean_header_custom_menu":"0","ocean_menu_typo_font_family":"0","ocean_menu_typo_font_subset":"","ocean_menu_typo_font_size":0,"ocean_menu_typo_font_size_tablet":0,"ocean_menu_typo_font_size_mobile":0,"ocean_menu_typo_font_size_unit":"px","ocean_menu_typo_font_weight":"","ocean_menu_typo_font_weight_tablet":"","ocean_menu_typo_font_weight_mobile":"","ocean_menu_typo_transform":"","ocean_menu_typo_transform_tablet":"","ocean_menu_typo_transform_mobile":"","ocean_menu_typo_line_height":0,"ocean_menu_typo_line_height_tablet":0,"ocean_menu_typo_line_height_mobile":0,"ocean_menu_typo_line_height_unit":"","ocean_menu_typo_spacing":0,"ocean_menu_typo_spacing_tablet":0,"ocean_menu_typo_spacing_mobile":0,"ocean_menu_typo_spacing_unit":"","ocean_menu_link_color":"","ocean_menu_link_color_hover":"","ocean_menu_link_color_active":"","ocean_menu_link_background":"","ocean_menu_link_hover_background":"","ocean_menu_link_active_background":"","ocean_menu_social_links_bg":"","ocean_menu_social_hover_links_bg":"","ocean_menu_social_links_color":"","ocean_menu_social_hover_links_color":"","ocean_disable_title":"enable","ocean_disable_heading":"default","ocean_post_title":"Stern-Apotheke","ocean_post_subheading":"Die Online Apotheke  aus \u00d6sterreich","ocean_post_title_style":"","ocean_post_title_background_color":"","ocean_post_title_background":0,"ocean_post_title_bg_image_position":"","ocean_post_title_bg_image_attachment":"","ocean_post_title_bg_image_repeat":"","ocean_post_title_bg_image_size":"","ocean_post_title_height":0,"ocean_post_title_bg_overlay":0.5,"ocean_post_title_bg_overlay_color":"","ocean_disable_breadcrumbs":"default","ocean_breadcrumbs_color":"","ocean_breadcrumbs_separator_color":"","ocean_breadcrumbs_links_color":"","ocean_breadcrumbs_links_hover_color":"","ocean_display_footer_widgets":"default","ocean_display_footer_bottom":"default","ocean_custom_footer_template":"0","footnotes":""},"class_list":["post-1583","page","type-page","status-publish","hentry","entry"],"_links":{"self":[{"href":"http:\/\/www.sann.at\/brunnenviertel\/wp-json\/wp\/v2\/pages\/1583","targetHints":{"allow":["GET"]}}],"collection":[{"href":"http:\/\/www.sann.at\/brunnenviertel\/wp-json\/wp\/v2\/pages"}],"about":[{"href":"http:\/\/www.sann.at\/brunnenviertel\/wp-json\/wp\/v2\/types\/page"}],"author":[{"embeddable":true,"href":"http:\/\/www.sann.at\/brunnenviertel\/wp-json\/wp\/v2\/users\/6"}],"replies":[{"embeddable":true,"href":"http:\/\/www.sann.at\/brunnenviertel\/wp-json\/wp\/v2\/comments?post=1583"}],"version-history":[{"count":2,"href":"http:\/\/www.sann.at\/brunnenviertel\/wp-json\/wp\/v2\/pages\/1583\/revisions"}],"predecessor-version":[{"id":1631,"href":"http:\/\/www.sann.at\/brunnenviertel\/wp-json\/wp\/v2\/pages\/1583\/revisions\/1631"}],"up":[{"embeddable":true,"href":"http:\/\/www.sann.at\/brunnenviertel\/wp-json\/wp\/v2\/pages\/1515"}],"wp:attachment":[{"href":"http:\/\/www.sann.at\/brunnenviertel\/wp-json\/wp\/v2\/media?parent=1583"}],"curies":[{"name":"wp","href":"https:\/\/api.w.org\/{rel}","templated":true}]}}