{"id":1226,"date":"2023-02-03T14:58:27","date_gmt":"2023-02-03T13:58:27","guid":{"rendered":"http:\/\/www.sann.at\/brunnenviertel\/?page_id=1226"},"modified":"2026-04-07T11:16:28","modified_gmt":"2026-04-07T09:16:28","slug":"events-im-brunnenviertel","status":"publish","type":"page","link":"http:\/\/www.sann.at\/brunnenviertel\/","title":{"rendered":"Events"},"content":{"rendered":"\n<div class=\"wp-block-columns is-layout-flex wp-container-core-columns-is-layout-9d6595d7 wp-block-columns-is-layout-flex\">\n<div class=\"wp-block-column is-layout-flow wp-block-column-is-layout-flow\" style=\"flex-basis:33.33%\">\n<figure class=\"wp-block-image size-large\"><img loading=\"lazy\" decoding=\"async\" width=\"1024\" height=\"1024\" src=\"http:\/\/www.sann.at\/brunnenviertel\/wp-content\/uploads\/2026\/03\/Graetzl2_ulrikewieser_web-1024x1024.jpg\" alt=\"\" class=\"wp-image-1684\" srcset=\"http:\/\/www.sann.at\/brunnenviertel\/wp-content\/uploads\/2026\/03\/Graetzl2_ulrikewieser_web-1024x1024.jpg 1024w, http:\/\/www.sann.at\/brunnenviertel\/wp-content\/uploads\/2026\/03\/Graetzl2_ulrikewieser_web-300x300.jpg 300w, http:\/\/www.sann.at\/brunnenviertel\/wp-content\/uploads\/2026\/03\/Graetzl2_ulrikewieser_web-150x150.jpg 150w, http:\/\/www.sann.at\/brunnenviertel\/wp-content\/uploads\/2026\/03\/Graetzl2_ulrikewieser_web-768x768.jpg 768w, http:\/\/www.sann.at\/brunnenviertel\/wp-content\/uploads\/2026\/03\/Graetzl2_ulrikewieser_web-600x600.jpg 600w, http:\/\/www.sann.at\/brunnenviertel\/wp-content\/uploads\/2026\/03\/Graetzl2_ulrikewieser_web.jpg 1080w\" sizes=\"auto, (max-width: 1024px) 100vw, 1024px\" \/><\/figure>\n<\/div>\n\n\n\n<div class=\"wp-block-column is-layout-flow wp-block-column-is-layout-flow\" style=\"flex-basis:66.66%\">\n<h2 class=\"wp-block-heading\"><em>Brunnenviertler Gr\u00e4tzlspaziergang<br>Do, 16.4. &#8211; 17.00 Uhr<\/em><\/h2>\n\n\n\n<p><strong>Treffpunkt: Neulerchenfelder Str. 52<\/strong><\/p>\n\n\n\n<p>Komm mit auf einen Spaziergang durch das Brunnenviertel und entdecke die bunte Vielfalt der lokalen Unternehmen! Wir streifen durch das Gr\u00e4tzl, schauen hinter die Kulissen der \u00e4ltesten Personalapotheke Wiens und lassen uns von spannenden Geschichten aus der Vergangenheit und aktuellen Neuigkeiten \u00fcberraschen.<br>Teilnahme: Gratis<\/p>\n\n\n\n<p><strong>Anmeldung<\/strong> erforderlich unter <a href=\"mailto:uwieser@dasfoto.info\">uwieser@dasfoto.info<\/a><\/p>\n<\/div>\n<\/div>\n\n\n\n<hr class=\"wp-block-separator has-alpha-channel-opacity\"\/>\n\n\n\n<p><\/p>\n\n\n\n<div class=\"wp-block-columns is-layout-flex wp-container-core-columns-is-layout-9d6595d7 wp-block-columns-is-layout-flex\">\n<div class=\"wp-block-column is-layout-flow wp-block-column-is-layout-flow\"><div class=\"wp-block-image\">\n<figure class=\"alignright size-large is-resized\"><img loading=\"lazy\" decoding=\"async\" width=\"726\" height=\"1024\" src=\"http:\/\/www.sann.at\/brunnenviertel\/wp-content\/uploads\/2025\/04\/brunnenviertel_spaziergaenge_web-726x1024.jpg\" alt=\"\" class=\"wp-image-1407\" style=\"width:344px;height:auto\" srcset=\"http:\/\/www.sann.at\/brunnenviertel\/wp-content\/uploads\/2025\/04\/brunnenviertel_spaziergaenge_web-726x1024.jpg 726w, http:\/\/www.sann.at\/brunnenviertel\/wp-content\/uploads\/2025\/04\/brunnenviertel_spaziergaenge_web-213x300.jpg 213w, http:\/\/www.sann.at\/brunnenviertel\/wp-content\/uploads\/2025\/04\/brunnenviertel_spaziergaenge_web-768x1083.jpg 768w, http:\/\/www.sann.at\/brunnenviertel\/wp-content\/uploads\/2025\/04\/brunnenviertel_spaziergaenge_web.jpg 1064w\" sizes=\"auto, (max-width: 726px) 100vw, 726px\" \/><\/figure><\/div><\/div>\n\n\n\n<div class=\"wp-block-column is-layout-flow wp-block-column-is-layout-flow\">\n<h2 class=\"wp-block-heading\"><strong>Spazierg\u00e4nge <\/strong><strong>durch das Brunnenviertel <\/strong><\/h2>\n\n\n\n<p>Entdecke mit Kai Sann, Obmann des Wiener Einkaufgr\u00e4tzls IG Brunnenviertel, die Geheimnisse des Brunnenviertels und lass dich \u00fcberraschen, wohin uns die Reise diesmal f\u00fchrt!<\/p>\n\n\n\n<p>Treffpunkt: Neulerchenfelder Stra\u00dfe 52<br><strong>Anmeldung erfolderlich<\/strong> an <a href=\"mailto:uwieser@dasfoto.info\" target=\"_blank\" rel=\"noreferrer noopener\">uwieser@dasfoto.info<\/a><\/p>\n<\/div>\n<\/div>\n\n\n\n<h2 class=\"wp-block-heading\"><\/h2>\n\n\n\n<figure class=\"wp-block-pullquote\"><blockquote><p>Besuche uns auch auf unseren Social Media Kan\u00e4len &#8211; <a href=\"https:\/\/www.facebook.com\/brunnenviertel\" data-type=\"URL\" data-id=\"https:\/\/www.facebook.com\/brunnenviertel\" target=\"_blank\" rel=\"noreferrer noopener\">Facebook<\/a> und <a href=\"https:\/\/www.instagram.com\/brunnenviertel\" target=\"_blank\" rel=\"noreferrer noopener\">Instagram<\/a> &#8211; <br>oder schreib uns an <a href=\"mailto:uwieser@dasfoto.info\" target=\"_blank\" rel=\"noreferrer noopener\">uwieser@dasfoto.info<\/a>, wenn du unseren <strong>Newsletter<\/strong> abonnieren m\u00f6chtest!<\/p><\/blockquote><\/figure>\n\n\n\n<p><\/p>\n","protected":false},"excerpt":{"rendered":"<p>Brunnenviertler Gr\u00e4tzlspaziergangDo, 16.4. &#8211; 17.00 Uhr Treffpunkt: Neulerchenfelder Str. 52 Komm mit auf einen Spaziergang durch das Brunnenviertel und entdecke die bunte Vielfalt der lokalen Unternehmen! Wir streifen durch das Gr\u00e4tzl, schauen hinter die Kulissen der \u00e4ltesten Personalapotheke Wiens und lassen uns von spannenden Geschichten aus der Vergangenheit und aktuellen Neuigkeiten \u00fcberraschen.Teilnahme: Gratis Anmeldung erforderlich [&hellip;]<\/p>\n","protected":false},"author":3,"featured_media":1684,"parent":0,"menu_order":0,"comment_status":"closed","ping_status":"closed","template":"","meta":{"ocean_post_layout":"full-width","ocean_both_sidebars_style":"","ocean_both_sidebars_content_width":0,"ocean_both_sidebars_sidebars_width":0,"ocean_sidebar":"0","ocean_second_sidebar":"0","ocean_disable_margins":"enable","ocean_add_body_class":"","ocean_shortcode_before_top_bar":"","ocean_shortcode_after_top_bar":"","ocean_shortcode_before_header":"","ocean_shortcode_after_header":"","ocean_has_shortcode":"","ocean_shortcode_after_title":"","ocean_shortcode_before_footer_widgets":"","ocean_shortcode_after_footer_widgets":"","ocean_shortcode_before_footer_bottom":"","ocean_shortcode_after_footer_bottom":"","ocean_display_top_bar":"on","ocean_display_header":"default","ocean_header_style":"","ocean_center_header_left_menu":"0","ocean_custom_header_template":"0","ocean_custom_logo":0,"ocean_custom_retina_logo":0,"ocean_custom_logo_max_width":0,"ocean_custom_logo_tablet_max_width":0,"ocean_custom_logo_mobile_max_width":0,"ocean_custom_logo_max_height":0,"ocean_custom_logo_tablet_max_height":0,"ocean_custom_logo_mobile_max_height":0,"ocean_header_custom_menu":"0","ocean_menu_typo_font_family":"0","ocean_menu_typo_font_subset":"","ocean_menu_typo_font_size":0,"ocean_menu_typo_font_size_tablet":0,"ocean_menu_typo_font_size_mobile":0,"ocean_menu_typo_font_size_unit":"px","ocean_menu_typo_font_weight":"","ocean_menu_typo_font_weight_tablet":"","ocean_menu_typo_font_weight_mobile":"","ocean_menu_typo_transform":"","ocean_menu_typo_transform_tablet":"","ocean_menu_typo_transform_mobile":"","ocean_menu_typo_line_height":0,"ocean_menu_typo_line_height_tablet":0,"ocean_menu_typo_line_height_mobile":0,"ocean_menu_typo_line_height_unit":"","ocean_menu_typo_spacing":0,"ocean_menu_typo_spacing_tablet":0,"ocean_menu_typo_spacing_mobile":0,"ocean_menu_typo_spacing_unit":"","ocean_menu_link_color":"#000000","ocean_menu_link_color_hover":"","ocean_menu_link_color_active":"","ocean_menu_link_background":"","ocean_menu_link_hover_background":"","ocean_menu_link_active_background":"","ocean_menu_social_links_bg":"","ocean_menu_social_hover_links_bg":"","ocean_menu_social_links_color":"","ocean_menu_social_hover_links_color":"","ocean_disable_title":"enable","ocean_disable_heading":"enable","ocean_post_title":"Aktuelle Events","ocean_post_subheading":"Lerne die Unternehmer*innen des Brunnenviertels kennen!","ocean_post_title_style":"","ocean_post_title_background_color":"","ocean_post_title_background":0,"ocean_post_title_bg_image_position":"","ocean_post_title_bg_image_attachment":"","ocean_post_title_bg_image_repeat":"","ocean_post_title_bg_image_size":"","ocean_post_title_height":0,"ocean_post_title_bg_overlay":0.5,"ocean_post_title_bg_overlay_color":"","ocean_disable_breadcrumbs":"default","ocean_breadcrumbs_color":"","ocean_breadcrumbs_separator_color":"","ocean_breadcrumbs_links_color":"","ocean_breadcrumbs_links_hover_color":"","ocean_display_footer_widgets":"default","ocean_display_footer_bottom":"default","ocean_custom_footer_template":"0","footnotes":""},"class_list":["post-1226","page","type-page","status-publish","has-post-thumbnail","hentry","entry","has-media"],"_links":{"self":[{"href":"http:\/\/www.sann.at\/brunnenviertel\/wp-json\/wp\/v2\/pages\/1226","targetHints":{"allow":["GET"]}}],"collection":[{"href":"http:\/\/www.sann.at\/brunnenviertel\/wp-json\/wp\/v2\/pages"}],"about":[{"href":"http:\/\/www.sann.at\/brunnenviertel\/wp-json\/wp\/v2\/types\/page"}],"author":[{"embeddable":true,"href":"http:\/\/www.sann.at\/brunnenviertel\/wp-json\/wp\/v2\/users\/3"}],"replies":[{"embeddable":true,"href":"http:\/\/www.sann.at\/brunnenviertel\/wp-json\/wp\/v2\/comments?post=1226"}],"version-history":[{"count":120,"href":"http:\/\/www.sann.at\/brunnenviertel\/wp-json\/wp\/v2\/pages\/1226\/revisions"}],"predecessor-version":[{"id":1696,"href":"http:\/\/www.sann.at\/brunnenviertel\/wp-json\/wp\/v2\/pages\/1226\/revisions\/1696"}],"wp:featuredmedia":[{"embeddable":true,"href":"http:\/\/www.sann.at\/brunnenviertel\/wp-json\/wp\/v2\/media\/1684"}],"wp:attachment":[{"href":"http:\/\/www.sann.at\/brunnenviertel\/wp-json\/wp\/v2\/media?parent=1226"}],"curies":[{"name":"wp","href":"https:\/\/api.w.org\/{rel}","templated":true}]}}